at is the remainder when j is divided by 5?
4
Let k be -3*(-6)/27*18. Suppose -17*m + k*m + 220 = 0. Let r = 2 - -10. What is the remainder when m is divided by r?
8
Let x(k) = -k + 13. Let j be x(0). Suppose 3*p = 2*r - 25, -2*p = -2*r - 3*p + j. Calculate the remainder when (1 + -20 + 0)*-1 is divided by r.
3
Let y = 19 + -23. Calculate the remainder when y/(-22) + (-5)/(110/(-128)) is divided by 4.
2
Suppose -3*c + 4*f + 406 = 2*c, -2*f = c - 70. What is the remainder when c is divided by 26 - (8 - (3 + -1))?
18
Let g be (5 - 1)/((-16)/(-120)). What is the remainder when 54 is divided by 10/g + 82/6?
12
Let o be (8 - 2) + -9 + 5. Suppose 10 = 4*u + v - 37, 19 = o*u + 5*v. Calculate the remainder when 58 is divided by u.
10
Let v = 451 - 301. What is the remainder when v is divided by 11?
7
Let t = -8 - -5. Let y = t + 7. Let m(p) = 35*p - 26. What is the remainder when m(1) is divided by y?
1
Suppose -3*i = 5*m + 3, 5*m - 3*i - 2 = -i. Let b = -46 + -130. What is the remainder when m - (b/2 + 3) is divided by 22?
19
Let z(y) = -y**2 - 3*y + 4. Let t be z(-4). Suppose 2*s + s - 192 = t. Let x = -16 - -27. Calculate the remainder when s is divided by x.
9
Suppose 4872 = 2*h + 5*h. Suppose 0 = -2*f + 6*f - h. Suppose 3*q + f = 3*w, -5*w + 105 = 2*q - 150. What is the remainder when w is divided by 14?
11
Let u be 0/2 - (5 + 2230). What is the remainder when u/(-27) - (-10)/45 is divided by 21?
20
Suppose 179*w - 2280 = 59*w. What is the remainder when 2621 is divided by w?
18
Let o = -6 + 6. Calculate the remainder when 25 is divided by o - -3 - (-10 - (3 + -8)).
1
Let o(c) = -45*c + 410. Calculate the remainder when 136 is divided by o(8).
36
What is the remainder when 3/(-6)*(0 - -2)*-349 is divided by 90?
79
Suppose -5*v - 47 + 2 = 0. Suppose -r + 6*r - 55 = -5*f, 0 = 5*f - 5*r - 75. Calculate the remainder when f is divided by (-10)/(-3)*v/(-6).
3
What is the remainder when (-16)/((-12)/(-3)) - -91 is divided by 45?
42
Let o(n) = 5*n - 6. Suppose 24 = -4*x - 0*x. Let w(k) = k**3 + 5*k**2 - 6*k + 3. Let f be w(x). Calculate the remainder when 17 is divided by o(f).
8
Let v(a) = 5*a**2 - 3*a + 1. Let b be v(1). Let g(m) = 5*m**2 + 53*m**3 + 1 - 6*m**2 + 16*m**b - m. Calculate the remainder when g(1) is divided by 23.
22
Suppose 64*l - 2959 = 13937. What is the remainder when l is divided by 19?
17
Let v(j) = -j**3 + 2*j**2 - 2*j + 7. Let t be v(-5). Let r be (1 + 6)*t/56. Suppose 0 = -d + 3*d - r. What is the remainder when 33 is divided by d?
9
Suppose i = 2*z - 90 - 0, -4*z - i + 186 = 0. What is the remainder when z is divided by 14?
4
Let c(a) = -a**3 + 42*a**2 - 70*a + 158. What is the remainder when c(40) is divided by 182?
12
Suppose -5*y + 189 + 136 = 2*w, 5*y = w - 125. Calculate the remainder when w is divided by 147.
3
Let y be 4/4*-2*12. Let h = 42 + y. Calculate the remainder when h is divided by 4.
2
Let b = 151 - 311. Let x = -114 - b. What is the remainder when x is divided by 16?
14
Suppose 20 = -0*q - 3*q + 4*b, 5*q + 5*b - 25 = 0. Suppose q*a - 29 = -a. Let t = 9 - 1. What is the remainder when a is divided by t?
5
Suppose 5*z = 0, 4*b - 5*z + 392 = 6*b. What is the remainder when b is divided by 11?
9
Let u(w) = w + 37. Let x be u(-15). Suppose 6*j - 4*j - x = 0. Calculate the remainder when 21 is divided by j.
10
Suppose a - 170 + 164 = 0. What is the remainder when a is divided by 6?
0
Suppose -3*o + 18 = 5*l - 9, 3*l = -3*o + 15. Suppose -96 = -3*x + 3*m, -2*x + 7*m + 60 = 3*m. What is the remainder when x is divided by l?
4
Let n(m) = -2*m. Let z = 178 - 102. What is the remainder when (2/12 - z/(-12))*2 is divided by n(-4)?
5
Let g = 191 + -327. Let n = g + 161. Let s(w) = w**3 - 5*w**2 - 6*w + 9. Calculate the remainder when n is divided by s(6).
7
Suppose 56 = 13*u - 919. Calculate the remainder when u is divided by 19.
18
What is the remainder when -2 - ((-4)/(-12) + 154/(-3)) is divided by 25?
24
Suppose a = -4*a + 40. Let l be (432/(-234) - (-2)/(-13)) + 8. Suppose -5*h + l = -b + 29, 2*b = -2*h + 46. What is the remainder when b is divided by a?
7
What is the remainder when 4 - 4*(-403)/26 is divided by (68/(-6))/((-1)/3)?
32
Let s = -132 + 187. Suppose -b + s = 12. Calculate the remainder when b is divided by 15.
13
Let b(x) = 8*x**2 - 5*x - 2. Let r be b(-3). Suppose t + 2*d = 30, -2*t = -0*t - d - r. What is the remainder when t is divided by 11?
7
Suppose -n - 3*n = -28. Let u be 1*(24 - (-2 + 1)). What is the remainder when u - -3 - (6 + -2) is divided by n?
3
Let j = 381 - 328. Calculate the remainder when 315 is divided by j.
50
Let r(z) = 15*z**2 - 4*z - 1. Calculate the remainder when 105 is divided by r(1).
5
Calculate the remainder when (48 - 2) + (-8 + 14 - 8) is divided by 29.
15
Let t(w) = w**3 + 4*w**2 - 2*w - 3. Let o = 11 - 14. What is the remainder when 46 is divided by t(o)?
10
Suppose -3*o = -3*g - 9, 0 = 3*o + 7 - 1. Let l = 7 + g. Suppose -l*v + 3*x = -5, 3*v - 55 = -v - 3*x. What is the remainder when 19 is divided by v?
9
Let b be -22 + 4 + -2 + -3. Let l = b - -97. Calculate the remainder when l is divided by 25.
24
Let k(b) = b**3 - 5*b**2 - 14*b + 27. Suppose 0 = -2*x - 2*x + 60. Suppose -4*j = -x - 25. Calculate the remainder when k(7) is divided by j.
7
Let w = -2473 - -2539. Suppose -4*r - a = a - 78, 0 = 4*r - a - 69. What is the remainder when w is divided by r?
12
Suppose 29*t = 1997 - 199. Let i = -5 + 22. Calculate the remainder when t is divided by i.
11
Let w = -23 - -27. Calculate the remainder when w/(-14) - 489/(-21) is divided by 5.
3
Suppose -2*s = 5*l - 37, 33*s - 8 = 30*s + 2*l. Calculate the remainder when 11 is divided by s.
5
Let q = -2599 - -2608. Let r = 85 + -41. Calculate the remainder when r is divided by q.
8
Let r(c) = -10*c - 3. Let i(l) = l**2 - 7*l + 2. Let u = 22 + -16. Let k be i(u). Calculate the remainder when r(k) is divided by 13.
11
Suppose -52*k + 6490 - 198 = 0. What is the remainder when k is divided by 38?
7
Suppose -r = -5*o + 29, 3*o - 13 = o - r. Let k(z) = z**3 + z + 2. Let j be k(0). Suppose y + 16 = j*y. Calculate the remainder when y is divided by o.
4
Calculate the remainder when -3 + 6 + (317 - (12 + -9)) is divided by 45.
2
Let b = 562 - 558. Suppose 1 - 13 = -2*y. Calculate the remainder when y is divided by b.
2
Let p(d) = d**3 + 2*d**2 - 3*d + 3. Let f be (2 - 0)*(-104)/(-16). Let t = 27 - f. Calculate the remainder when p(3) is divided by t.
11
Let r be 26/(4/10 - 15/(-25)). Calculate the remainder when (8/(-6))/(r/(-1833)) is divided by 19.
18
Let q(u) = -3*u**3 + 19*u**2 + u + 12. Let i(r) = -2*r**3 + 18*r**2 + 2*r + 13. Let y(w) = -4*i(w) + 3*q(w). What is the remainder when y(-15) is divided by 20?
19
Let j(k) = -k**2 - 3*k - 2. Let b(c) = -c**2 - 3*c - 2. Let s(v) = 4*b(v) - 5*j(v). Calculate the remainder when s(-7) is divided by 48/(-3)*(-3)/6.
6
Suppose 3*h = 5*k + 134, 2*h + 2*k = -3*h + 244. What is the remainder when h is divided by 29?
19
Suppose 2*z + 33 = -z. Let l = z - -25. Suppose c = -4*x + 71, -c = -2*x + x + l. Calculate the remainder when 31 is divided by x.
14
Let p = -28 - -306. What is the remainder when p is divided by 47?
43
Let s(g) = 4*g**2 + g + 1. What is the remainder when -2*(-4 - 3 - -2) is divided by s(-1)?
2
Suppose -3*u - u = 140. Let a = 68 + u. Let y = 5606 + -5599. Calculate the remainder when a is divided by y.
5
Let o = -6 - 138. Let v = 205 + o. What is the remainder when v is divided by 2200/242 - (-2)/(-22)?
7
Suppose g + 2 = 0, -3*g + 8*g = -3*h + 227. Calculate the remainder when h is divided by 21.
16
Let p(q) = 32*q + 499. Calculate the remainder when p(-10) is divided by 96.
83
Suppose 20 = 4*d, 0 = -2*p + d + 136 + 27. Suppose -6*s - p = -2*s. Let z = 43 + s. Calculate the remainder when z is divided by 12.
10
Let z be ((0/(-5))/2)/1. Suppose 2*s + z*s - 10 = 0. Suppose 5*h - 94 = 3*v, s*h - 3 - 73 = -3*v. What is the remainder when h is divided by 6?
5
Let u = 7 + -4. Suppose 3*z - 21 = u. Suppose 0 = 3*l + 4*s - 134, -61 = -2*l - s + 4*s. What is the remainder when l is divided by z?
6
Let l = 4 + 22. Let i = -186 - -492. Suppose -i = 3*u - 6*u. Calculate the remainder when u is divided by l.
24
Let b(i) be the third derivative of i**4/4 - 13*i**3/6 - 15*i**2. Calculate the 